{"id":2393,"date":"2020-04-29T17:18:05","date_gmt":"2020-04-29T20:18:05","guid":{"rendered":"https:\/\/www.optimisa.cl\/?page_id=2393"},"modified":"2025-11-03T16:29:48","modified_gmt":"2025-11-03T19:29:48","slug":"contactanos-2","status":"publish","type":"page","link":"https:\/\/www.optimisa.cl\/?page_id=2393","title":{"rendered":"Contactanos"},"content":{"rendered":"\t\t<div data-elementor-type=\"wp-page\" data-elementor-id=\"2393\" class=\"elementor elementor-2393\" data-elementor-post-type=\"page\">\n\t\t\t\t\t\t<section class=\"elementor-section elementor-top-section elementor-element elementor-element-e9e7015 elementor-section-content-middle elementor-section-boxed elementor-section-height-default elementor-section-height-default\" data-id=\"e9e7015\" data-element_type=\"section\">\n\t\t\t\t\t\t<div class=\"elementor-container elementor-column-gap-narrow\">\n\t\t\t\t\t<div class=\"elementor-column elementor-col-100 elementor-top-column elementor-element elementor-element-b06e339\" data-id=\"b06e339\" data-element_type=\"column\">\n\t\t\t<div class=\"elementor-widget-wrap elementor-element-populated\">\n\t\t\t\t\t\t<div class=\"elementor-element elementor-element-3a92cbe elementor-widget__width-initial elementor-widget elementor-widget-html\" data-id=\"3a92cbe\" data-element_type=\"widget\" data-widget_type=\"html.default\">\n\t\t\t\t<div class=\"elementor-widget-container\">\n\t\t\t\t\t<!--  ----------------------------------------------------------------------  -->\r\n<!--  NOTA: Agregue el siguiente elemento <META> a su p\u00e1gina <HEAD>.  Si es   -->\r\n<!--  preciso, modifique el par\u00e1metro charset para especificar el conjunto    -->\r\n<!--  de caracteres de su p\u00e1gina HTML.                                        -->\r\n<!--  ----------------------------------------------------------------------  -->\r\n\r\n<META HTTP-EQUIV=\"Content-type\" CONTENT=\"text\/html; charset=UTF-8\">\r\n<script src=\"https:\/\/www.google.com\/recaptcha\/api.js\"><\/script>\r\n<script>\r\n function timestamp() { var response = document.getElementById(\"g-recaptcha-response\"); if (response == null || response.value.trim() == \"\") {var elems = JSON.parse(document.getElementsByName(\"captcha_settings\")[0].value);elems[\"ts\"] = JSON.stringify(new Date().getTime());document.getElementsByName(\"captcha_settings\")[0].value = JSON.stringify(elems); } } setInterval(timestamp, 500); \r\n<\/script>\r\n\r\n<!--  ----------------------------------------------------------------------  -->\r\n<!--  NOTA: Agregue el siguiente elemento <FORM> a su p\u00e1gina.                 -->\r\n<!--  ----------------------------------------------------------------------  -->\r\n\r\n<form action=\"https:\/\/webto.salesforce.com\/servlet\/servlet.WebToLead?encoding=UTF-8&orgId=00D36000000vwtY\" method=\"POST\">\r\n\r\n<input type=hidden name='captcha_settings' value='{\"keyname\":\"reCAPTCHA2\",\"fallback\":\"true\",\"orgId\":\"00D36000000vwtY\",\"ts\":\"\"}'>\r\n<input type=hidden name=\"oid\" value=\"00D36000000vwtY\">\r\n<input type=hidden name=\"retURL\" value=\"https:\/\/www.optimisa.cl\/\">\r\n\r\n<!--  ----------------------------------------------------------------------  -->\r\n<!--  NOTA: Estos campos son elementos de depuraci\u00f3n opcionales. Elimine      -->\r\n<!--  los comentarios de estas l\u00edneas si desea realizar una prueba en el      -->\r\n<!--  modo de depuraci\u00f3n.                                                     -->\r\n<!--  <input type=\"hidden\" name=\"debug\" value=1>                              -->\r\n<!--  <input type=\"hidden\" name=\"debugEmail\" value=\"cisler@optimisa.cl\">      -->\r\n<!--  ----------------------------------------------------------------------  -->\r\n\r\n<label for=\"first_name\">Nombre<\/label><input  id=\"first_name\" maxlength=\"40\" name=\"first_name\" size=\"20\" type=\"text\" \/><br>\r\n\r\n<label for=\"last_name\">Apellidos<\/label><input  id=\"last_name\" maxlength=\"80\" name=\"last_name\" size=\"20\" type=\"text\" \/><br>\r\n\r\n<label for=\"email\">Correo electr\u00f3nico<\/label><input  id=\"email\" maxlength=\"80\" name=\"email\" size=\"20\" type=\"text\" \/><br>\r\n\r\n<label for=\"phone\">Tel\u00e9fono<\/label><input  id=\"phone\" maxlength=\"40\" name=\"phone\" size=\"20\" type=\"text\" \/><br>\r\n\r\n<label for=\"company\">Compa\u00f1\u00eda<\/label><input  id=\"company\" maxlength=\"40\" name=\"company\" size=\"20\" type=\"text\" \/><br>\r\n\r\n<label for=\"description\">Descripci\u00f3n<\/label><textarea name=\"description\"><\/textarea><br>\r\n\r\n<div class=\"g-recaptcha\" data-sitekey=\"6LeMefQrAAAAABL4QJI4Iz668RQqySZDBCtZtiUa\"><\/div><br>\r\n<input type=\"submit\" name=\"submit\">\r\n\r\n<\/form>\r\n\t\t\t\t<\/div>\n\t\t\t\t<\/div>\n\t\t\t\t\t<\/div>\n\t\t<\/div>\n\t\t\t\t\t<\/div>\n\t\t<\/section>\n\t\t\t\t<\/div>\n\t\t","protected":false},"excerpt":{"rendered":"<p>Nombre Apellidos Correo electr\u00f3nico Tel\u00e9fono Compa\u00f1\u00eda Descripci\u00f3n<\/p>\n","protected":false},"author":2,"featured_media":0,"parent":0,"menu_order":0,"comment_status":"closed","ping_status":"closed","template":"elementor_header_footer","meta":{"footnotes":""},"class_list":["post-2393","page","type-page","status-publish","hentry"],"yoast_head":"<!-- This site is optimized with the Yoast SEO plugin v23.2 - https:\/\/yoast.com\/wordpress\/plugins\/seo\/ -->\n<title>Consultor\u00eda, Desarrollo, Soporte y Mantenimiento en BASE24, BASE24-eps, Universal Payment, ON\/2 y ASSET | Soluciones de Pago | Optimisa S.A.<\/title>\n<meta name=\"description\" content=\"En Optimisa S.A., ofrecemos consultoria, desarrollo, soporte y mantenimiento de soluciones de pago avanzadas, incluyendo BASE24, BASE24-eps, Universal Payment (UP), ON\/2 y ASSET. Nuestras soluciones est\u00e1n dise\u00f1adas para optimizar plataformas transaccionales bancarias y mejorar la eficiencia de las transacciones, garantizando un servicio robusto y confiable para el sector financiero.\" \/>\n<meta name=\"robots\" content=\"index, follow, max-snippet:-1, max-image-preview:large, max-video-preview:-1\" \/>\n<link rel=\"canonical\" href=\"https:\/\/www.optimisa.cl\/?page_id=2393\" \/>\n<meta property=\"og:locale\" content=\"es_ES\" \/>\n<meta property=\"og:type\" content=\"article\" \/>\n<meta property=\"og:title\" content=\"Consultor\u00eda, Desarrollo, Soporte y Mantenimiento en BASE24, BASE24-eps, Universal Payment, ON\/2 y ASSET | Soluciones de Pago | Optimisa S.A.\" \/>\n<meta property=\"og:description\" content=\"En Optimisa S.A., ofrecemos consultoria, desarrollo, soporte y mantenimiento de soluciones de pago avanzadas, incluyendo BASE24, BASE24-eps, Universal Payment (UP), ON\/2 y ASSET. Nuestras soluciones est\u00e1n dise\u00f1adas para optimizar plataformas transaccionales bancarias y mejorar la eficiencia de las transacciones, garantizando un servicio robusto y confiable para el sector financiero.\" \/>\n<meta property=\"og:url\" content=\"https:\/\/www.optimisa.cl\/?page_id=2393\" \/>\n<meta property=\"og:site_name\" content=\"Optimisa S.A.\" \/>\n<meta property=\"article:publisher\" content=\"https:\/\/www.facebook.com\/OptimisaITM\" \/>\n<meta property=\"article:modified_time\" content=\"2025-11-03T19:29:48+00:00\" \/>\n<meta name=\"twitter:card\" content=\"summary_large_image\" \/>\n<meta name=\"twitter:site\" content=\"@OptimisaSA\" \/>\n<meta name=\"twitter:label1\" content=\"Tiempo estimado de lectura\" \/>\n\t<meta name=\"twitter:data1\" content=\"1 minuto\" \/>\n<script type=\"application\/ld+json\" class=\"yoast-schema-graph\">{\"@context\":\"https:\/\/schema.org\",\"@graph\":[{\"@type\":\"WebPage\",\"@id\":\"https:\/\/www.optimisa.cl\/?page_id=2393\",\"url\":\"https:\/\/www.optimisa.cl\/?page_id=2393\",\"name\":\"Consultor\u00eda, Desarrollo, Soporte y Mantenimiento en BASE24, BASE24-eps, Universal Payment, ON\/2 y ASSET | Soluciones de Pago | Optimisa S.A.\",\"isPartOf\":{\"@id\":\"https:\/\/www.optimisa.cl\/#website\"},\"datePublished\":\"2020-04-29T20:18:05+00:00\",\"dateModified\":\"2025-11-03T19:29:48+00:00\",\"description\":\"En Optimisa S.A., ofrecemos consultoria, desarrollo, soporte y mantenimiento de soluciones de pago avanzadas, incluyendo BASE24, BASE24-eps, Universal Payment (UP), ON\/2 y ASSET. Nuestras soluciones est\u00e1n dise\u00f1adas para optimizar plataformas transaccionales bancarias y mejorar la eficiencia de las transacciones, garantizando un servicio robusto y confiable para el sector financiero.\",\"breadcrumb\":{\"@id\":\"https:\/\/www.optimisa.cl\/?page_id=2393#breadcrumb\"},\"inLanguage\":\"es-CL\",\"potentialAction\":[{\"@type\":\"ReadAction\",\"target\":[\"https:\/\/www.optimisa.cl\/?page_id=2393\"]}]},{\"@type\":\"BreadcrumbList\",\"@id\":\"https:\/\/www.optimisa.cl\/?page_id=2393#breadcrumb\",\"itemListElement\":[{\"@type\":\"ListItem\",\"position\":1,\"name\":\"Portada\",\"item\":\"https:\/\/www.optimisa.cl\/\"},{\"@type\":\"ListItem\",\"position\":2,\"name\":\"Contactanos\"}]},{\"@type\":\"WebSite\",\"@id\":\"https:\/\/www.optimisa.cl\/#website\",\"url\":\"https:\/\/www.optimisa.cl\/\",\"name\":\"Optimisa S.A.\",\"description\":\"Integrando tu mundo\",\"publisher\":{\"@id\":\"https:\/\/www.optimisa.cl\/#organization\"},\"potentialAction\":[{\"@type\":\"SearchAction\",\"target\":{\"@type\":\"EntryPoint\",\"urlTemplate\":\"https:\/\/www.optimisa.cl\/?s={search_term_string}\"},\"query-input\":\"required name=search_term_string\"}],\"inLanguage\":\"es-CL\"},{\"@type\":\"Organization\",\"@id\":\"https:\/\/www.optimisa.cl\/#organization\",\"name\":\"Optimisa S.A.\",\"url\":\"https:\/\/www.optimisa.cl\/\",\"logo\":{\"@type\":\"ImageObject\",\"inLanguage\":\"es-CL\",\"@id\":\"https:\/\/www.optimisa.cl\/#\/schema\/logo\/image\/\",\"url\":\"https:\/\/www.optimisa.cl\/wp-content\/uploads\/2024\/08\/Opti-copia.png\",\"contentUrl\":\"https:\/\/www.optimisa.cl\/wp-content\/uploads\/2024\/08\/Opti-copia.png\",\"width\":460,\"height\":221,\"caption\":\"Optimisa S.A.\"},\"image\":{\"@id\":\"https:\/\/www.optimisa.cl\/#\/schema\/logo\/image\/\"},\"sameAs\":[\"https:\/\/www.facebook.com\/OptimisaITM\",\"https:\/\/x.com\/OptimisaSA\",\"https:\/\/www.linkedin.com\/company\/optimisa-s-a-\",\"https:\/\/www.instagram.com\/optimisaitm\"]}]}<\/script>\n<!-- \/ Yoast SEO plugin. -->","yoast_head_json":{"title":"Consultor\u00eda, Desarrollo, Soporte y Mantenimiento en BASE24, BASE24-eps, Universal Payment, ON\/2 y ASSET | Soluciones de Pago | Optimisa S.A.","description":"En Optimisa S.A., ofrecemos consultoria, desarrollo, soporte y mantenimiento de soluciones de pago avanzadas, incluyendo BASE24, BASE24-eps, Universal Payment (UP), ON\/2 y ASSET. Nuestras soluciones est\u00e1n dise\u00f1adas para optimizar plataformas transaccionales bancarias y mejorar la eficiencia de las transacciones, garantizando un servicio robusto y confiable para el sector financiero.","robots":{"index":"index","follow":"follow","max-snippet":"max-snippet:-1","max-image-preview":"max-image-preview:large","max-video-preview":"max-video-preview:-1"},"canonical":"https:\/\/www.optimisa.cl\/?page_id=2393","og_locale":"es_ES","og_type":"article","og_title":"Consultor\u00eda, Desarrollo, Soporte y Mantenimiento en BASE24, BASE24-eps, Universal Payment, ON\/2 y ASSET | Soluciones de Pago | Optimisa S.A.","og_description":"En Optimisa S.A., ofrecemos consultoria, desarrollo, soporte y mantenimiento de soluciones de pago avanzadas, incluyendo BASE24, BASE24-eps, Universal Payment (UP), ON\/2 y ASSET. Nuestras soluciones est\u00e1n dise\u00f1adas para optimizar plataformas transaccionales bancarias y mejorar la eficiencia de las transacciones, garantizando un servicio robusto y confiable para el sector financiero.","og_url":"https:\/\/www.optimisa.cl\/?page_id=2393","og_site_name":"Optimisa S.A.","article_publisher":"https:\/\/www.facebook.com\/OptimisaITM","article_modified_time":"2025-11-03T19:29:48+00:00","twitter_card":"summary_large_image","twitter_site":"@OptimisaSA","twitter_misc":{"Tiempo estimado de lectura":"1 minuto"},"schema":{"@context":"https:\/\/schema.org","@graph":[{"@type":"WebPage","@id":"https:\/\/www.optimisa.cl\/?page_id=2393","url":"https:\/\/www.optimisa.cl\/?page_id=2393","name":"Consultor\u00eda, Desarrollo, Soporte y Mantenimiento en BASE24, BASE24-eps, Universal Payment, ON\/2 y ASSET | Soluciones de Pago | Optimisa S.A.","isPartOf":{"@id":"https:\/\/www.optimisa.cl\/#website"},"datePublished":"2020-04-29T20:18:05+00:00","dateModified":"2025-11-03T19:29:48+00:00","description":"En Optimisa S.A., ofrecemos consultoria, desarrollo, soporte y mantenimiento de soluciones de pago avanzadas, incluyendo BASE24, BASE24-eps, Universal Payment (UP), ON\/2 y ASSET. Nuestras soluciones est\u00e1n dise\u00f1adas para optimizar plataformas transaccionales bancarias y mejorar la eficiencia de las transacciones, garantizando un servicio robusto y confiable para el sector financiero.","breadcrumb":{"@id":"https:\/\/www.optimisa.cl\/?page_id=2393#breadcrumb"},"inLanguage":"es-CL","potentialAction":[{"@type":"ReadAction","target":["https:\/\/www.optimisa.cl\/?page_id=2393"]}]},{"@type":"BreadcrumbList","@id":"https:\/\/www.optimisa.cl\/?page_id=2393#breadcrumb","itemListElement":[{"@type":"ListItem","position":1,"name":"Portada","item":"https:\/\/www.optimisa.cl\/"},{"@type":"ListItem","position":2,"name":"Contactanos"}]},{"@type":"WebSite","@id":"https:\/\/www.optimisa.cl\/#website","url":"https:\/\/www.optimisa.cl\/","name":"Optimisa S.A.","description":"Integrando tu mundo","publisher":{"@id":"https:\/\/www.optimisa.cl\/#organization"},"potentialAction":[{"@type":"SearchAction","target":{"@type":"EntryPoint","urlTemplate":"https:\/\/www.optimisa.cl\/?s={search_term_string}"},"query-input":"required name=search_term_string"}],"inLanguage":"es-CL"},{"@type":"Organization","@id":"https:\/\/www.optimisa.cl\/#organization","name":"Optimisa S.A.","url":"https:\/\/www.optimisa.cl\/","logo":{"@type":"ImageObject","inLanguage":"es-CL","@id":"https:\/\/www.optimisa.cl\/#\/schema\/logo\/image\/","url":"https:\/\/www.optimisa.cl\/wp-content\/uploads\/2024\/08\/Opti-copia.png","contentUrl":"https:\/\/www.optimisa.cl\/wp-content\/uploads\/2024\/08\/Opti-copia.png","width":460,"height":221,"caption":"Optimisa S.A."},"image":{"@id":"https:\/\/www.optimisa.cl\/#\/schema\/logo\/image\/"},"sameAs":["https:\/\/www.facebook.com\/OptimisaITM","https:\/\/x.com\/OptimisaSA","https:\/\/www.linkedin.com\/company\/optimisa-s-a-","https:\/\/www.instagram.com\/optimisaitm"]}]}},"_links":{"self":[{"href":"https:\/\/www.optimisa.cl\/index.php?rest_route=\/wp\/v2\/pages\/2393"}],"collection":[{"href":"https:\/\/www.optimisa.cl\/index.php?rest_route=\/wp\/v2\/pages"}],"about":[{"href":"https:\/\/www.optimisa.cl\/index.php?rest_route=\/wp\/v2\/types\/page"}],"author":[{"embeddable":true,"href":"https:\/\/www.optimisa.cl\/index.php?rest_route=\/wp\/v2\/users\/2"}],"replies":[{"embeddable":true,"href":"https:\/\/www.optimisa.cl\/index.php?rest_route=%2Fwp%2Fv2%2Fcomments&post=2393"}],"version-history":[{"count":20,"href":"https:\/\/www.optimisa.cl\/index.php?rest_route=\/wp\/v2\/pages\/2393\/revisions"}],"predecessor-version":[{"id":3505,"href":"https:\/\/www.optimisa.cl\/index.php?rest_route=\/wp\/v2\/pages\/2393\/revisions\/3505"}],"wp:attachment":[{"href":"https:\/\/www.optimisa.cl\/index.php?rest_route=%2Fwp%2Fv2%2Fmedia&parent=2393"}],"curies":[{"name":"wp","href":"https:\/\/api.w.org\/{rel}","templated":true}]}}